Let w = 60 - 11. Let p = 17 + 20. Suppose -n - 4*m = -p, -n + 0*m - m = -22. Calculate the remainder when w is divided by n.
15
Let z = -1 - 0. Let m be (-1)/z - (-2)/2. Let d = m + 5. Calculate the remainder when d is divided by 3.
1
Let j(c) = -c + 43. Suppose 0 = -4*a - 4*y - 88, -44 = 2*a + 4*y - 7*y. Let g = 37 + a. Calculate the remainder when j(0) is divided by g.
13
Suppose -2*q + 0*q + 2 = 2*v, -3*v + 4*q = 32. What is the remainder when 1 + v - 150/(-3) is divided by 10?
7
Let c(f) = 81*f**3 + 2*f - 1. Let s be c(1). Suppose 0 = -3*d + 5*r - 91, d - 2*r + 177 = -4*d. Let h = s + d. What is the remainder when h is divided by 16?
13
Let u = 35 - 17. Suppose 2*f + 5*t = 14, 3*f - 2*t + 8 = 5*f. Calculate the remainder when f is divided by u/8 + 1/(-4).
0
Suppose 6*l = 2*l + 64. Calculate the remainder when 29 is divided by l.
13
Let c(y) = 27*y**2 + 3*y + 1. Calculate the remainder when c(-1) is divided by 14.
11
Suppose 3*r + r = 4. Calculate the remainder when 5*(2 + r - -4) is divided by 9.
8
Suppose 23 = 5*p - j, 2*p = j + 12 - 4. What is the remainder when p is divided by 2?
1
Let q(w) = -3*w - w**3 + 4*w + 3*w**2 - 2*w**2 - 4*w**2. What is the remainder when q(-4) is divided by 7?
5
Let h = 19 + -7. Let c = -20 + 29. Let a(z) = -z**2 + 14*z - 10. Calculate the remainder when a(c) is divided by h.
11
Suppose 144 + 58 = 2*w. Calculate the remainder when w is divided by 36.
29
Let b(f) = f**2 - 3*f + 3. Calculate the remainder when 0 - 3/3 - -50 is divided by b(5).
10
Suppose 5*v = 7*v - 28. What is the remainder when 51 is divided by v?
9
Let b(o) = 2*o**2 - 6*o + 2. Let t = 9 - 14. Let p be b(t). Suppose -j + p = j. What is the remainder when j is divided by 14?
13
Let x = -5 + 12. Suppose 0 = p - 2*d + d - 6, 5*d = -p - 18. Calculate the remainder when x is divided by p.
1
Let h = -11 - -21. Let p = 5 - 3. Suppose 53 = p*j - 5. Calculate the remainder when j is divided by h.
9
Let l(d) = -d**3 + 6*d**2 - 4*d + 1. Calculate the remainder when 31 is divided by l(4).
14
Let l = -165 - -214. What is the remainder when l is divided by 10?
9
Suppose -3*o + 14 = 2. Suppose -2*w - 3*k = -5 - 0, 14 = 4*w + 2*k. Suppose -w*m = -9*m + 35. Calculate the remainder when m is divided by o.
3
Let y = 14 + 11. Let u be (-5 + 2)/(2/6). Let r = u + y. What is the remainder when 47 is divided by r?
15
Let l(c) = -43*c**3 + c + 1. What is the remainder when l(-1) is divided by 11?
10
Suppose 0 = c + 3*c - 3*v, 3*c + 4*v = 0. Suppose c = 3*i - 4*i + 11. Let r(f) = -30*f**3 + f**2. Calculate the remainder when r(-1) is divided by i.
9
Suppose -5*v + 297 = -48. Let u = 58 - 40. Calculate the remainder when v is divided by u.
15
Let k(a) = 2*a**2 - 4*a + 2. Suppose 0 = -0*p + 5*p - 170. Calculate the remainder when p is divided by k(4).
16
Suppose -p + 25 = -0. Let r = -13 - -26. What is the remainder when p is divided by r?
12
Let s(c) = 3*c + 1. Let f(q) = -q**3 - 11*q**2 - 9*q + 12. Let x be f(-10). What is the remainder when 25 is divided by s(x)?
4
Suppose 2 = u - 22. Calculate the remainder when (1/2)/((-2)/(-284)) is divided by u.
23
Suppose -13*t + 186 = -11*t. What is the remainder when t is divided by 32?
29
What is the remainder when 98 is divided by 6/24 - 262/(-8)?
32
Let y be (-12)/(-7)*63/6. Let d = 60 - y. What is the remainder when d is divided by 15?
12
Let u = 20 + -29. Let k(l) = l**2 + 9*l + 2. Let n be k(u). Suppose 44 = -n*q + 6*q. What is the remainder when q is divided by 6?
5
Suppose f + 2 = 0, 3*o = -4*f + 7 + 3. Calculate the remainder when 11 is divided by o + 0/((-2)/(-1)).
5
Let h = -196 + 298. What is the remainder when h is divided by 26?
24
Suppose 19 = 4*u - h, 0 = -4*h - 18 + 6. Suppose 3*o + 2*q = 16 + 1, -u*q + 7 = -3*o. Suppose -9 = -5*f + 11. Calculate the remainder when f is divided by o.
1
Let s(q) = 3 + 20*q + 9 - 36*q + 17*q. Suppose 0 = -3*z + 117 + 96. What is the remainder when z is divided by s(6)?
17
What is the remainder when (-69)/6*1*-2 is divided by 12?
11
Suppose 3*r + 186 = 2*y, -2*r - 2*r = -2*y + 250. Let p = -3 - r. Let l = 107 + -86. Calculate the remainder when p is divided by l.
19
Suppose -8*a + 190 = -3*a. Let w = -26 - -39. What is the remainder when a is divided by w?
12
Suppose 17*j - 66 = 70. Calculate the remainder when 9 is divided by j.
1
Suppose -4 = -l, 2*l - 5 + 78 = 3*d. What is the remainder when d/((-1)/(8/(-4))) is divided by 14?
12
Let x(t) = -t - 3. Let v be x(-1). What is the remainder when (-6)/4*7*-4 is divided by (-45)/(-4) + v/8?
9
Suppose -2*r + 4 = 0, -2*w - 2*r - 1 + 5 = 0. Let t be 2*(177/(-6) + w). Let k = 88 + t. What is the remainder when k is divided by 15?
14
Let n = 27 + -10. What is the remainder when n is divided by 10?
7
Suppose c + 14 = 1. Let s = c - -21. Calculate the remainder when 30 is divided by s.
6
Let d(b) = -3*b + 10. What is the remainder when 123 is divided by d(-7)?
30
Let r(t) = 1 + 0 - 2 + 2*t**2 + 2*t + 20*t**2. Calculate the remainder when r(1) is divided by 6.
5
Let y = 12 - -8. Let b = y + -51. Let m = 44 + b. Calculate the remainder when 24 is divided by m.
11
Suppose 26 = l + 2*l + 2*u, -50 = -5*l - 5*u. What is the remainder when 8/l*(-165)/(-10) is divided by 6?
4
Suppose -c + 100 = 3*c. Suppose 3*s + 30 = 2*m + 4*s, -3*m + 27 = -3*s. What is the remainder when c is divided by m?
12
Let s(o) = 21*o**3 + 2*o**2 - 2*o**2 - o**2. What is the remainder when s(1) is divided by ((-22)/4)/((-1)/2)?
9
Suppose 5*m + 4*q = 23, 4*m - 2*q = -7*q + 22. Suppose 2*u = 7*u - 4*w - 131, u - 35 = m*w. Let y = u + -13. Calculate the remainder when y is divided by 4.
2
Let n(f) = 6*f - 69. Suppose -a + 30 = a. Calculate the remainder when n(16) is divided by a.
12
Suppose -117 = -4*a + 159. Calculate the remainder when a is divided by ((-7 + 14)/7)/((-1)/(-14)).
13
Suppose -4*v + j + 73 = 0, j = 4*v - j - 74. What is the remainder when v is divided by 10?
8
Let h be 4*(-41)/8*-2. Let o = h + -17. What is the remainder when o is divided by 2/(-7) - 279/(-21)?
11
Suppose 4*c = 5*q + 131, c + 3*q = -4*c + 136. Suppose 3*z + 40 = 7*z. What is the remainder when c is divided by z?
9
Suppose 5*i = -2*o + 42, -2*i + 5*o = 3*i - 35. What is the remainder when i is divided by 2?
0
Let u(z) = z - 4. Suppose -4*w + 2 + 14 = 0. Suppose 0*b - w*b = -120. What is the remainder when b is divided by u(20)?
14
Suppose 3*s - 6*s = 0. Let p = s + 4. What is the remainder when 19 is divided by p?
3
Suppose q = -0 + 8. Calculate the remainder when 23 is divided by q.
7
Let j(f) = -f**3 - 4*f**2 + 2*f + 10. Let q be ((-5)/(-4))/((-1)/(-16)). Suppose -x - 3*x = -q. Calculate the remainder when x is divided by j(-4).
1
Let g be (-28)/(-8)*8/14. Suppose -2*d + 16 = -3*u, 4*u = g*d - 3 - 17. What is the remainder when d is divided by 2?
0
Suppose u + 10 = -16. Calculate the remainder when (0/1)/2 - u is divided by 14.
12
Let x(w) = 2*w**2 + 3*w + 3. What is the remainder when x(-4) is divided by -2*2/(-3)*6?
7
Let j be (-6)/4*30/(-9). Suppose 0 = -j*o - 7 - 3. Let h(y) = 10*y**2 - 2*y - 1. Calculate the remainder when h(o) is divided by 15.
13
Calculate the remainder when 5/((-10)/(-6)) - (-1 - 27) is divided by 17.
14
Let w(q) = -2*q**2 + 1 + 4*q**2 - 4. Let c be w(5). Suppose -5*d + c = r + r, r + 4*d = 28. Calculate the remainder when 47 is divided by r.
15
Suppose 0 = j - 3*j + 84. Let q(r) = 2*r**2 + 5*r - 1. Let k be 1/(-2) + 7/(-2). Calculate the remainder when j is divided by q(k).
9
Suppose -2*g - 33 = -5*g. What is the remainder when 76 is divided by g?
10
Let x = 124 - 56. Let r = x + -31. Calculate the remainder when r is divided by 10.
7
Let q(z) = -2*z - 6. Let y be q(-4). Calculate the remainder when (-1)/(y/(-14) + 0) is divided by 4.
3
Let i be (12/(-21))/((-2)/7). Let z = 5 + -4. What is the remainder when -2*(3/i - 2) is divided by z?
0
Let b(i) = -i**2 + 14*i - 11. What is the remainder when b(9) is divided by 9?
7
Suppose -5*x = -7 + 32, -5*q + 5*x = -190. What is the remainder when 64 is divided by q?
31
What is the remainder when (700/(-30))/((-2)/6) is divided by 12?
10
Let n(f) = f**2 + 3*f + 2. Let j be 1/(-1)*1*4. Suppose -5*y - 3*b - 20 = -88, -20 = 5*b. What is the remainder when y is divided by n(j)?
4
Suppose -5*p = -p - 32. Suppose -13*w + 169 =